t of 2304154?
2
What is the units digit of 12642966?
6
What is the hundreds digit of 5434658?
6
What is the ten thousands digit of 78632?
7
What is the tens digit of 8571?
7
What is the tens digit of 660622?
2
What is the hundreds digit of 15634105?
1
What is the hundreds digit of 3984719?
7
What is the thousands digit of 11358477?
8
What is the thousands digit of 107382?
7
What is the thousands digit of 1603355?
3
What is the millions digit of 6155898?
6
What is the units digit of 760134?
4
What is the ten thousands digit of 114272?
1
What is the thousands digit of 3112047?
2
What is the ten thousands digit of 543713?
4
What is the hundred thousands digit of 234218?
2
What is the hundreds digit of 4884183?
1
What is the ten thousands digit of 527397?
2
What is the tens digit of 462397?
9
What is the units digit of 718010?
0
What is the units digit of 31504?
4
What is the hundred thousands digit of 225524?
2
What is the hundreds digit of 321133?
1
What is the thousands digit of 16954798?
4
What is the hundreds digit of 2292383?
3
What is the hundred thousands digit of 147345?
1
What is the thousands digit of 114108?
4
What is the units digit of 1843632?
2
What is the thousands digit of 152586?
2
What is the hundred thousands digit of 12869507?
8
What is the units digit of 1463458?
8
What is the tens digit of 13622992?
9
What is the thousands digit of 30056?
0
What is the hundreds digit of 3060844?
8
What is the millions digit of 4495600?
4
What is the thousands digit of 30334612?
4
What is the ten thousands digit of 9706319?
0
What is the hundreds digit of 338441?
4
What is the units digit of 4415559?
9
What is the hundred thousands digit of 1689651?
6
What is the tens digit of 154738?
3
What is the hundreds digit of 343761?
7
What is the thousands digit of 9037166?
7
What is the tens digit of 69095?
9
What is the ten thousands digit of 1319611?
1
What is the tens digit of 422609?
0
What is the units digit of 307868?
8
What is the tens digit of 26578437?
3
What is the tens digit of 399355?
5
What is the thousands digit of 1598381?
8
What is the millions digit of 14856119?
4
What is the tens digit of 77917?
1
What is the millions digit of 1599741?
1
What is the thousands digit of 663863?
3
What is the millions digit of 2330436?
2
What is the tens digit of 1619255?
5
What is the ten thousands digit of 21993?
2
What is the units digit of 42036267?
7
What is the units digit of 759946?
6
What is the thousands digit of 791140?
1
What is the hundred thousands digit of 8808774?
8
What is the thousands digit of 142246?
2
What is the thousands digit of 13747948?
7
What is the thousands digit of 355979?
5
What is the hundreds digit of 8050832?
8
What is the hundred thousands digit of 33322778?
3
What is the units digit of 1542484?
4
What is the thousands digit of 2006561?
6
What is the tens digit of 724168?
6
What is the tens digit of 1161893?
9
What is the thousands digit of 4651330?
1
What is the tens digit of 464?
6
What is the millions digit of 21201226?
1
What is the ten thousands digit of 264961?
6
What is the units digit of 39437?
7
What is the millions digit of 11030552?
1
What is the thousands digit of 928911?
8
What is the hundred thousands digit of 15738453?
7
What is the tens digit of 1325145?
4
What is the thousands digit of 24610?
4
What is the hundreds digit of 6323917?
9
What is the ten thousands digit of 2401007?
0
What is the tens digit of 694488?
8
What is the tens digit of 205157?
5
What is the hundreds digit of 1309907?
9
What is the tens digit of 259254?
5
What is the units digit of 5682798?
8
What is the millions digit of 13542491?
3
What is the units digit of 11890544?
4
What is the millions digit of 1602304?
1
What is the hundreds digit of 5448518?
5
What is the ten thousands digit of 2848701?
4
What is the hundred thousands digit of 2033745?
0
What is the tens digit of 638599?
9
What is the ten thousands digit of 6966489?
6
What is the thousands digit of 2346385?
6
What is the ten thousands digit of 482855?
8
What is the ten thousands digit of 2593322?
9
What is the tens digit of 20156947?
4
What is the hundred thousands digit of 2517525?
5
What is the millions digit of 3265347?
3
What is the tens digit of 13655740?
4
What is the units digit of 72853?
3
What is the hundreds digit of 79777?
7
What is the tens digit of 804?
0
What is the hundred thousands digit of 2260525?
2
What is the units digit of 526633?
3
What is the hundreds digit of 515990?
9
What is the hundreds digit of 372935?
9
What is the millions digit of 3053912?
3
What is the hundreds digit of 324225?
2
What is the units digit of 3013159?
9
What is the units digit of 1711384?
4
What is the units digit of 1193764?
4
What is the tens digit of 82492?
9
What is the tens digit of 233279?
7
What is the millions digit of 2171534?
2
What is the thousands digit of 35964723?
4
What is the hundred thousands digit of 3981715?
9
What is the ten thousands digit of 60650?
6
What is the hundred thousands digit of 9967438?
9
What is the hundred thousands digit of 18148864?
1
What is the millions digit of 1082807?
1
What is the ten thousands digit of 906236?
0
What is the units digit of 28654?
4
What is the units digit of 1717524?
4
What is the units digit of 204162?
2
What is the millions digit of 1689790?
1
What is the ten thousands digit of 4850915?
5
What is the units digit of 370533?
3
What is the tens digit of 317919?
1
What is the ten thousands digit of 172373?
7
What is the tens digit of 71863?
6
What is the millions digit of 6829189?
6
What is the thousands digit of 379541?
9
What is the hundreds digit of 131869?
8
What is the units digit of 1888795?
5
What is the ten thousands digit of 369508?
6
What is the units digit of 111645?
5
What is the units digit of 150083?
3
What is the ten thousands digit of 6447944?
4
What is the thousands digit of 13655761?
5
What is the hundred thousands digit of 2920133?
9
What is the ten thousands digit of 774525?
7
What is the ten thousands digit of 234851?
3
What is the tens digit of 1771800?
0
What is the thousands digit of 5510754?
0
What is the thousands digit of 655972?
5
What is the thousands digit of 75372?
5
What is the tens digit of 612379?
7
What is the hundred thousands digit of 855212?
8
What is the hundred thousands digit of 16972641?
9
What is the ten thousands digit of 10256466?
5
What is the ten thousands digit of 4764121?
6
What is the units digit of 5109147?
7
What is the ten thousands digit of 17741216?
4
What is the units digit of 519218?
8
What is the thousands digit of 5278336?
8
What is the units digit of 3567861?
1
What is the ten millions digit of 18640763?
1
What is the ten thousands digit of 24777337?
7
What is the tens digit of 5680433?
3
What is the units digit of 2223647?
7
What is the tens digit of 5923885?
8
What is the ten thousands digit of 352667?
5
What is the hundreds digit of 2348330?
3
What is the tens digit of 210971?
7
What is the thousands digit of 293595?
3
What is the tens digit of 92253?
5
What is the ten thousands digit of 1598094?
9
What is the thousands digit of 327911?
7
What is the hundreds digit of 5211681?
6
What is the thousands digit of 264345?
4
What is the tens digit of 432920?
2
What is the tens digit of 1141383?
8
What is the thousands digit of 211255?
1
What is the hundred thousands digit of 505020?
5
What is the thousands digit of 7973267?
3
What is the thousands digit of 64491?
4
What is the thousands digit of 141052?
1
What is the ten millions digit of 28162821?
2
What is the units digit of 6841174?
4
What is the hundred thousands digit of 294455?
2
What is the ten thousands digit of 4291517?
9
What is the ten thousands digit of 3174878?
7
What is the thousands digit of 303169?
3
What is the hundred thousands digit of 102892?
1
What is the hundreds digit of 2019380?
3
What is the thousands digit of 392022?
2
What is the ten millions digit of 16050838?
1
What is the units digit of 833122?
2
What is the hundreds digit of 1053704?
7
What is the hundred thousands digit of 6142136?
1
What is the hundred thousands digit of 9113182?
1
What is the tens digit of 335334?
3
What is the hundreds digit of 816403?
4
What is the units digit of 3763103?
3
What is the hundred thousands digi